) + -1
1
Evaluate -2 + 5 + 3 + -2 + -3.
1
6 + (-13 - (10 - 20))
3
What is -4 - (-1 + 1 + 4 + -3)?
-5
-4 + -1 - (21 - 18)
-8
What is the value of -8 - (-15 - -2) - -3?
8
What is the value of (-2 - 1) + (-4 - -5 - -1)?
-1
Calculate (-3 - -2) + 1 + (-11 - -6).
-5
(8 - (-2 - -5)) + -4 + 2
3
(-1 - (-26 - -28)) + 5 + -1
1
What is 8 - (-4 + 10 - -10)?
-8
(0 + -3 - (-3 - 1)) + 1
2
Evaluate 1 + (10 - 11) + 1 + -1.
0
Calculate 5 + -4 - (0 - -2 - 7).
6
What is -16 + (13 - -5) + -1 + -1?
0
(3 - (12 - 6)) + (2 - 0)
-1
Calculate -2 - (4 + -4 + -2).
0
Calculate 1 - 2 - (-1 - (1 - -1)).
2
What is the value of 9 + (5 - 5) + (-5 - 1)?
3
Evaluate 1 + -2 - 0 - 1.
-2
What is (-7 + 11 - 0) + (0 - -1)?
5
Evaluate 9 - (-4 + 3) - 4.
6
Evaluate 0 + (3 - -2) - (2 - -9).
-6
-1 - -14 - (15 - 10)
8
What is (8 + 1 - 4) + 1 - 11?
-5
What is the value of -1 + 9 + 3 - 8?
3
Calculate 0 + -2 + -6 + 1 + 3.
-4
What is the value of -27 - -37 - (14 + 4)?
-8
-2 - (4 - (-3 + 5 + 2))
-2
What is (0 - (1 - -9)) + 7?
-3
9 - (-6 + 9 + 0)
6
2 + (1 - 2) - -1
2
(0 - (-2 + 5 + -1)) + 6
4
6 - (-3 - (-5 - 6))
-2
Evaluate 9 + (-3 - (-3 - -6)).
3
What is the value of 1 - (0 - (5 + -2)) - 3?
1
What is the value of 8 - (-5 + 1 - -6)?
6
0 - 1 - (-6 + 8 - 1)
-2
What is -4 - (-3 + 10 - 5)?
-6
What is the value of -6 - (-9 + -3 + -1)?
7
3 + 3 + -9 + 2
-1
What is the value of 2 + (-5 - -8) + -9?
-4
Calculate 4 - (4 - (10 + 0)).
10
Evaluate (3 + -3 - -2) + -16 + 12.
-2
Evaluate 1 - (-8 + (15 - 2)).
-4
What is -15 + 25 - (6 - 1)?
5
(-6 - -6 - -1) + (-3 - 0)
-2
What is (-4 - -1) + -2 + (2 - 0)?
-3
Calculate 15 + (-1 - (13 - 7)) - -1.
9
(-5 - -10) + (-2 - -1)
4
Evaluate 2 + -2 + -2 + 1.
-1
Evaluate -9 - -4 - 0 - 0.
-5
What is -1 + -3 + 8 + -2?
2
-3 + (-2 - -3 - -2) + -1
-1
0 + 3 + (-18 - -16)
1
What is the value of 8 + 2 + (-14 - -7) + -7?
-4
What is 6 + -12 - 1 - -9?
2
0 - -1 - (0 - 0) - -2
3
What is the value of -10 - -7 - (-1 + -1)?
-1
Calculate -3 - 1 - (10 - (9 - -4)).
-1
What is (1 + -4 - -8) + 1?
6
Calculate 4 - (2 + -4) - 8.
-2
What is (-18 - -8 - -8) + -4?
-6
What is the value of -8 - -4 - 5 - (2 - 6)?
-5
What is the value of -2 + 11 + (-4 - 0)?
5
Calculate (-16 - -24) + -10 + 2 + 3.
3
Calculate -6 - (2 - 3 - 2).
-3
What is the value of -8 + (5 - 3) - (-6 + 1)?
-1
Calculate -1 - -2 - (0 - 3).
4
Evaluate (2 - -3 - 3 - 4) + 2.
0
Calculate -1 - ((-4 - -2) + -3 - 2).
6
What is the value of -4 + 6 + -2 + -3?
-3
What is the value of -6 + (3 - (-3 - -3))?
-3
Calculate -6 - (-2 - (-7 + 8)).
-3
What is (3 - (10 - 3)) + (-1 - -2)?
-3
What is -6 + 1 - (8 - 5 - 5)?
-3
What is -1 + 3 - (6 - 7)?
3
-7 - (0 - (0 - -9))
2
0 + 9 + (11 + -3 - 13)
4
What is the value of (-1 - (-3 - -2)) + 45 + -37?
8
2 + -1 + (1 - 4) + 7
5
What is the value of (-15 - -7) + (-1 - -7)?
-2
Evaluate 3 + 10 + -11 + 4.
6
What is 2 + 0 - 1 - (108 - 107)?
0
Evaluate 6 + (2 - (6 + -2 + 2)).
2
Evaluate 0 + 1 + 16 + -14.
3
What is the value of (5 - 4) + (-7 - -6)?
0
Evaluate 1 + -8 + 10 - (1 - -2).
0
Calculate -7 - 0 - (14 - (27 + -11)).
-5
What is the value of 6 - (0 - (-3 + 2))?
5
4 + 10 + -2 + -6
6
Evaluate -3 + (-6 + 23 - 9).
5
11 - 14 - 10 - (0 - 3)
-10
What is -1 + -1 + 0 + -2?
-4
Evaluate (11 - -8 - 3) + -10.
6
Calculate (4 - 14) + 25 + -21.
-6
What is the value of 2 - -1 - (-15 + 22)?
-4
Calculate -4 - (-3 + 5 + -6) - 6.
-6
0 - (-2 + 6 + -4 - -1)
-1
Calculate -3 + (0 - (1 + -5)) + 4.
5
9 + -17 + (11 + 1 - 9)
-5
0 - ((-6 - -2) + 3)
1
(-14 - -12) + 1 + 1 + 1
1
What is the value of 42 - 39 - (0 + -1 + 1)?
3
What is the value of -4 + 3 + 4 + (-1 - 2)?
0
Evaluate 4 - ((-5 - -2) + 0 + 2).
5
What is 5 + 1 + (-3 - -3) + -2?
4
What is the value of 1 - (5 + -5 + 4)?
-3
What is 9 - (-1 + 6) - 3?
1
What is the value of -3 + 3 + -2 + (1 - 0)?
-1
(1 - 3) + 0 + (7 - 2)
3
(0 - 7) + (5 - (-2 + 4))
-4
Calculate (0 - (-2 + 0)) + 0 + -3.
-1
Evaluate 11 - (4 - (-3 - -1)).
5
What is 0 + 1 + 2 + -8 + 9?
4
-2 - (5 - (3 + (6 - 7)))
-5
-9 + 2 - (10 - (2 - -11))
-4
What is 5 - (-5 + 5 - (2 - 7))?
0
What is -3 + (6 - 0 - 8)?
-5
What is 0 - -2 - -6 - (8 + -3)?
3
(-1 - -5) + 0 + -7 + 1
-2
What is (-6 - 3) + 5 - -1?
-3
Calculate -1 + (4 - 3) - 4.
-4
Calculate -11 - (-11 + 2 - 2).
0
(5 - 1) + 5 + (-3 - 4)
2
What is the value of -19 + 24 - (9 + 0)?
-4
What is -5 + 4 - (-6 - -3)?
2
-1 + 10 + 33 + -38
4
-2 + 7 + -1 + -5
-1
What is the value of 3 + (0 - -3) - (-26 - -32)?
0
Calculate 0 + -3 + (-8 - (5 + -11)).
-5
Evaluate 11 + (-3 - (-3 - -9)).
2
Calculate -1 - ((12 - 1) + (-7 - 0)).
-5
-5 + (-4 - (-18 - -5))
4
6 + (-12 - (0 + (3 - 9)))
0
Calculate -4 + 9 + 1 - 1.
5
What is 14 + -4 + 9 + -13?
6
What is the value of 130 + -123 - ((2 - 4) + 3)?
6
What is (-28 - -12) + 16 + 2 + -1?
1
Calculate 6 - (5 + -3 + 1).
3
Calculate 3 - 2 - (-3 + 5 - -3).
-4
Calculate -6 + (6 - 1) + (-14 - -20).
5
Calculate -4 + (6 - 10 - (0 + -9)).
1
What is the value of -2 + 5 + -1 + 0 + 0?
2
Calculate (-2 - 2) + 9 - 7.
-2
What is 1 + 0 + -1 + -3 + -2?
-5
-3 + 2 - (4 - 4 - 5)
4
Evaluate 4 + (-5 - -4) - 0.
3
2 + -3 - (29 + -28)
-2
What is 4 - 3 - (3 - 3)?
1
Calculate -3 + 0 - (-11 - -9) - 0.
-1
What is 4 + -4 - -2 - 2 - 0?
0
(5 - (-4 + 6)) + 9 + -16
-4
Calculate 2 + -1 + -7 - (-3 - 1).
-2
-7 + 3 + 0 + -6 + 5
-5
What is the value of 12 - 22 - (-6 - 0)?
-4
Calculate -4 + 11 + -4 + -3.
0
3 + (-9 - (8 - 12))
-2
What is -7 - (-12 - (-6 + 5))?
4
Evaluate -1 - 2 - (5 - (8 - 1)).
-1
What is the value of (7 + -3 + -12 - 0) + 14?
6
What is the value of 1 - (-3 - 6 - -7)?
3
(20 - 10) + -8 + (-1 - 3)
-2
What is the value of -4 - (0 + -4) - -5?
5
What is the value of (0 - 6) + 13 + -8?
-1
Evaluate 156 + -156 - (-9 + -3 + 2).
10
What is 1 + -7 - (1 - (-6 - -4))?
-9
1 + -2 + 10 + 1 + -10
0
What is the value of 9 - (3 + -2 + 4)?
4
Evaluate -3 + 2 - (-3 - -2).
0
What is 5 - (3 - (-5 + 8))?
5
Calculate 0 + (-1 + -3 - -1 - -3).
0
What is the value of -1 - 8 - -3 - -2?
-4
What is the value of -14 + 22 + -1 - (6 + -1)?
2
Calculate 1 - 0 - (3 - 4).
2
4 - (0 + 10 + -22 + 17)
-1
Calculate -4 - (-3 + (-1 - 7)).
7
Calculate -1 - -1 - (1 + (-1 - 1)).
1
Evaluate -6 - -7 - (15 + -9).
-5
-5 - -10 - (7 + (0 - 2))
0
What is -1 + 6 + (2 - (6 + -1))?
2
Calculate (-2 - 1 - -14) + -5.
6
What is -13 + 6 + 4 + (1 - 1)?
-3
What is the value of (9 - (-5 + -6 + 12)) + -2?
6
Evaluate 2 + (-5 - (-3 + (8 - 7))).
-1
Evaluate (-10 - (3 + -7)) + 7.
1
What is (-7 - 0) + 4 - (3 + -5)?
-1
What is the value of -25 + 23 + (-1 - 2)?
-5
What is -11 + 2 + 3 + 2?
-4
Evaluate (-3 - 0) + (11 - (-6 + 13)).
1
-3 + (4 - (-4 - -6) - 4)
-5
-5 + 5 + 13 + -17
-4
Evaluate (-7 + 7 - (1 - -2)) + 1.
-2
Calculate -14 - -10 - (-1 + -2).
-1
Evaluate (-1 - 4) + 1 + 6 + -3.
-1
Evaluate -11 + (-6 - -9) + 14.
6
Evaluate 8 - 12 - (-5 + 0).
1
Calculate (10 - (3 - 7 - -10)) + 0.
4
Evaluate -3 + 1 + 2 + 72 + -74.
-2
Calculate -5 - (7 - 13 - -3).
-2
Calculate -14 + (4 - 0) - -7.
-3
Calculate 2 + (-4 - -3) + -3.
-2
Calculate 6 - 5 - 2 - 1.
-2
Evaluate -3 - (-2 - 0 - 0).
-1
What is (-3 - 0) + -2 + 11?
6
What is the value of 14 + (-9 - (3 + (-2 - 4)))?
8
Calculate (0 - -1) + (2 - (-6 + 10)).
-1
What is (-28 - -25 - (-1 + 2)) + 6?
2
-2 + 3 - (-3 - (-4 + 1))
1
Evaluate (4 - (-7 - -13)) + 1.
-1
Calculate 6 + 1 + -1 - (-98 - -97).
7
-2 - (-2 + 2) - (-8 + 8)
-2
What is the value of -7 - -8 - (-3 + (1 - -6))?
-3
1 + (2 + 0 + -1 - 5)
-3
What is 1 + -2 + -2 + 3 + -4?
-4
What is (6 - (5 + 1)) + -4?
-4
Calculate 23 + -20 + 0 + 2.
5
3 + -1 - (0 + (3 - 1))
0
What is the value of 2 + -3 - (8 + (1 - 4))?
-6
(14 + -16 - (-2 - -6)) + 4
-2
What is the value of 7 + -10 + (12 - 4 - 3)?
2
Evaluate -4 - (6 + -14) - -1.
5
Evaluate 2 + -9 + (-15 - (-25 - -9)).
-6
What is the value of 1 - (0 - (-3 - (3 + -5)))?
0
Evaluate (-1 - 0) + (9 - 12) - -1.
-3
What is the value of (-4 - -9) + -5 + 0?
0
11 - 12 - (-4 + (0 - 0))
3
Calculate 0 - 4 - (1 + 3 + -5).
-3
What is -14 + 3 - (-3 + -4)?
-4
-3 + (-19 - -23 - (-2 + 10))
-7
What is the value of 6 + (-6 - (-4 - -9))?
-5
Evaluate 2 + (8 - (8 + -8)).
10
What is the value of 1 - ((-7 - -4) + 2)?
2
What is -3 - (-7 + (-5 - -8))?
1
What is the value of (4 - 2) + (-4 - 3)?
-5
-3 - (-3 + -1 + (-8 - -9))
0
(7 - (3 - -2)) + -3 - -2
1
Calculate (-2 - (-4 + 1)) + 3 + -3.
1
What is the value of 3 + -4 + 3 + -28 + 18?
-8
(2 - -4) + (3 - -7 - 7)
9
6 - 3 - 7 - -8
4
What is the